v(y) = x*c(y) + q(y). Calculate v(-4).
2
Let u(y) = y**2 - 3*y - 3. Suppose 18*g + 5853 = -5541. Let p = g - -639. Give u(p).
15
Let w(i) be the third derivative of -i**6/120 + 11*i**5/60 + i**4/2 + i**3/2 - 48*i**2 + 45*i. Give w(12).
3
Let o(w) = 112 + 36 + 2*w**2 + 53 - 34*w - w**2. Determine o(26).
-7
Let i(p) be the first derivative of 48 - 2*p - 1/2*p**2. Give i(0).
-2
Let f(l) = 13*l**2 - 4*l - 6. Let o be f(11). Suppose -76 - 68 = -36*r. Let a(i) = -r*i**2 - o*i + 1523*i. Give a(1).
-4
Let l(y) = 3*y**2 - 18*y - 48. Let n be l(-2). Let f(m) be the second derivative of m**4/12 + m**3/6 - 2*m**2 + 11*m - 2. Determine f(n).
-4
Let q(p) = -3*p**3 + 2*p**2 + 23*p + 5. Let b(r) = -25*r**3 + 15*r**2 + 187*r + 39. Let j(g) = -2*b(g) + 17*q(g). Determine j(8).
-113
Let g(d) = -52*d**2 - 123*d + 365. Let w(q) = -62*q**2 - 122*q + 356. Let p(a) = 6*g(a) - 5*w(a). Determine p(-67).
8
Let s(h) = -14*h - 587. Let n(r) = -3*r - 117. Let u(p) = 11*n(p) - 2*s(p). Give u(-24).
7
Let s(x) = -10 - 7*x**2 - 4 - 6851*x + 6845*x + 2*x**3. Give s(6).
130
Suppose 3*g = 6*g - 9*g. Let f(i) be the second derivative of i**5/20 + i**4/12 + i**3/6 + 31*i**2/2 + 42*i. Determine f(g).
31
Let m be (88 + -6)/(4/2). Let n = 43 - m. Let a(g) = g + g + g - 4*g + n. Calculate a(4).
-2
Let g(y) be the first derivative of y**2/2 - 9*y - 1122. Calculate g(-15).
-24
Let c(y) = y**3 - 8*y**2. Let p(f) = -4*f**3 + 27*f**2 + 4*f + 3. Let b(l) = 3*c(l) + p(l). What is b(-3)?
45
Let f(u) be the first derivative of -u**2/2 - 1. Let q(m) = -4*m - 1. Let i(o) = -3*f(o) + q(o). Let y = -311 + 314. What is i(y)?
-4
Let q(p) = p**2 + 0*p + p - 3878*p**3 + 3879*p**3 - 2 + p. What is q(0)?
-2
Let u(v) be the first derivative of v**5/30 + v**4/6 + v**3/6 + 7*v**2/2 + 9. Let d(x) be the second derivative of u(x). What is d(-4)?
17
Let h(x) = -2 - 23*x + 29*x - 30. Let t be h(6). Let r(b) = b - 1. Let q(m) = 3*m - 5. Let c(s) = t*r(s) - q(s). Give c(3).
4
Let y = 43 + -40. Suppose 0 = -w - 3, 2*q + 21 = -y*w - 0. Let m(o) be the first derivative of -o**2 - 9*o - 2. Calculate m(q).
3
Let b(d) = -14*d**2 + 9*d + 69 - 9*d**2 + 22*d**2 + 12*d. Let q be b(24). Let n(g) = g**2 + 2*g. Give n(q).
3
Suppose -3*w = 4*z - 28, -3*w - 4*z = -7*z. Let h(a) be the third derivative of -a**6/120 + a**5/15 + a**3/3 - 18*a**2 + 39*a - 1. What is h(w)?
2
Let s(r) = -28*r + 226*r - 50*r + 1 - 51*r. Calculate s(-1).
-96
Let r be 1/(0 + (-4)/36). Let y(c) = -11*c**2 + 9*c + 18. Let k(u) = -5*u**2 + 4*u + 10. Let p(l) = r*k(l) + 4*y(l). Give p(0).
-18
Let z(q) be the third derivative of q**5/60 + 11*q**4/8 + 28*q**3/3 + 3337*q**2. What is z(-31)?
-6
Let v(f) = 270 + 276 - 826 + 276 - 4*f. Let j be (-26)/(-39)*(-30)/4. What is v(j)?
16
Let j = 1 + -3. Let r(k) be the first derivative of -k**4/2 + k**2 + 3*k - 39223. Calculate r(j).
15
Let f(o) = -o**3 + 7*o**2 - 11*o + 33. Let c = 3112 + -3106. Determine f(c).
3
Let x(j) = -j**3 + 6*j**2 + 3*j + 6. Let k(r) = r**2. Let u(n) = 6*k(n) - x(n). Let d be u(-2). Let y(z) = z**3 + 8*z**2 + 9. What is y(d)?
9
Let c(z) = z**3 + 6*z**2 + 2*z + 3. Suppose -3*a + 34*r - 13 = 33*r, -5*r = -3*a - 5. Give c(a).
18
Let o be (-10)/4*(-16)/5. Let z(u) = -13 - 4*u + 4 + 7*u + o. Let x = -3 + 5. What is z(x)?
5
Let d(k) be the first derivative of 1/120*k**6 - 5/24*k**4 + 0*k + 1/12*k**5 - 5/6*k**3 - 2*k**2 + 15. Let h(o) be the second derivative of d(o). Give h(-6).
-11
Let k = 53 + -141. Let z = 77 + k. Let g(q) = -q**3 - 10*q**2 + 10*q - 16. Calculate g(z).
-5
Let i(s) = 5*s**2 + 3*s + 9. Let b(o) be the first derivative of 4*o**3/3 + o**2 + 8*o + 157. Let f(r) = -6*b(r) + 5*i(r). Give f(-4).
1
Suppose k - 2*w = 10, -6*w = 3*k + 38 - 152. Let r(a) = -a**2 + 26*a - 40. Determine r(k).
8
Let c(u) be the second derivative of -u**3/3 - 5*u**2 + 20*u + 3. Let i(d) = d**2 - 10*d + 22. Let y be i(5). Calculate c(y).
-4
Let u be 34/14 - 24/56. Let y(z) = -5*z + 7. Let l be y(u). Let s(x) = 502 - 254 - 247 - 3*x. Give s(l).
10
Let l(p) be the second derivative of -p**5/60 - p**4/6 - 2*p**3/3 + 99*p**2/2 + 149*p. Let q(z) be the first derivative of l(z). Calculate q(-7).
-25
Let y be (18/6 + -3)/3. Let a(m) = m**3 - 3*m**2 + 2*m + 50. Let c(v) = -v**3 + 4*v**2 - 3*v - 54. Let d(l) = 4*a(l) + 3*c(l). Calculate d(y).
38
Let z(t) = -72*t + 160. Let o(i) = -9*i - 3. Let g(c) = -5*o(c) + z(c). Determine g(6).
13
Let j(x) be the second derivative of -1/4*x**4 + 117 + 1/20*x**5 + 3/2*x**2 + x - x**3. What is j(4)?
-5
Let q(k) = -k**3 - k**2 - k + 1. Let z be q(-2). Let v(c) = c**2 + 1. Let s(x) = 4*x**2 - 10*x + 9. Let p(t) = s(t) - 3*v(t). What is p(z)?
-15
Let y = 1 - 1. Let p(q) be the first derivative of -10*q - 325 - 1/4*q**4 - 1/2*q**2 - 1/3*q**3. Determine p(y).
-10
Let g(q) = 3*q - 11. Let n(s) = -11*s + 38. Let k(r) = -10*g(r) - 3*n(r). Let o = 16 - 11. Suppose o*x + 15 = 5*w, -2*w + 0*x = -3*x - 3. Calculate k(w).
14
Let y(b) = 8*b - 110. Suppose 23*s + 23180 - 23479 = 0. What is y(s)?
-6
Let h(u) = -u**2 + 4*u - 1. Let j(r) be the third derivative of r**5/60 - r**4/6 + r**3/3 - 89*r**2. Let x(c) = -6*h(c) - 5*j(c). What is x(5)?
1
Let c(s) be the first derivative of s**3/3 - 2*s - 761. Suppose 1 + 9 = -5*m. Determine c(m).
2
Let l(t) = 53*t**2. Let y = -4073 - -4072. What is l(y)?
53
Let y(d) be the second derivative of 4*d**4/3 - d**3/6 - 2*d. Let c be (-127)/(-2286) - (110/36 + -2). What is y(c)?
17
Let u be (-36)/108*(1 + -10). Let a(s) = -s**2 - 47*s**u + 12*s**3 + s - 2*s. Determine a(-1).
35
Let k(n) = 18*n - 538032*n**3 - 2*n**2 - 5*n**2 + 538033*n**3 - 21 + 3*n**2 - 13*n**2. Give k(16).
11
Suppose 3*c - 71 = 3*m - 11, -4 = c + 2*m. Let y(i) = -i**2 + 6*i - 20. Give y(c).
-92
Let v(z) = -z**3 + 4*z**2 - 8. Let n be v(2). Let g(m) = -2*m**3 - m**2 - 3*m - 13. Determine g(n).
-13
Let c(t) = -t**3 + 27*t**2 + 60*t - 58. Suppose -110 = 17*h - 338 - 265. Calculate c(h).
0
Let n(m) = -16. Let f(v) = -v**2 + 9*v - 66. Let q(b) = -f(b) + 4*n(b). Give q(8).
-6
Suppose -360 + 360 = 2*w. Let d = 11 + 1. Suppose 3*x - d = w, -5*k - 4 = x - 18. Let o(y) = -5*y - 2. Give o(k).
-12
Let o = 767 - 629. Let l be (-8 - o/(-18))*6. Let x(u) = 4*u**2 - 2*u**2 - u**2. What is x(l)?
4
Let m(x) = -1496*x + 1 - 7 + 1497*x - 3. Let n be (-8 + 1)*12/(-21). Give m(n).
-5
Let x = 3 - 0. Suppose 4*l - 20 = -4*n, 4*l = -x*n + 7 + 10. Let i(s) = -s + 2*s**2 - l*s**3 + 20 + 4*s**3 - 19. Determine i(-2).
-5
Let g(w) = w**3 - 10 + 2 + 6*w + 4*w**2 - 22*w - 1. Determine g(-6).
15
Let d(h) be the second derivative of h**4/12 + 7*h**2/2 + 10*h - 3. Suppose -9*j = -21*j. Determine d(j).
7
Let s(b) be the second derivative of -7/6*b**3 + 2*b + 3*b**2 - 1/12*b**4 + 0. Let p(u) = 8*u + 583. Let f be p(-74). What is s(f)?
-12
Let g(m) = m**2 + 11*m - 907. Let v be g(-36). Let p(n) = n**3 + 9*n**2 + 15*n + 12. Give p(v).
5
Let c(s) = -s**2 - s - 11. Let n(d) = -3*d**2 + 10*d + 10. Let u(m) = -2*c(m) + n(m). Determine u(14).
4
Let f(u) = -4*u**3 + 22*u**2 - 41*u + 15. Let v(q) = -9*q**3 + 52*q**2 - 82*q + 30. Let r(g) = 11*f(g) - 5*v(g). Give r(20).
-5
Let n = 27 + -27. Suppose n = -5*u - v + 20, 0 = -u + v + v - 7. Let m(r) = -r**3 + 2*r - 5*r**2 + 2*r**u - 20 + 18 + 3*r**2. What is m(2)?
2
Let j(t) = -8*t - 5. Let i(g) = -3*g + 8. Let x(h) = 4*i(h) - j(h). What is x(8)?
5
Let m(y) = -3. Let z(n) = -n - 3. Let v(r) = 6*m(r) - 5*z(r). Let c = -3176 - -3178. Calculate v(c).
7
Let g(a) = -9*a**3 - 2*a**2 + 5*a + 3. Suppose 179 - 155 = -289*c - 265. Give g(c).
5
Let h(o) = -10*o - 6. Let g(n) = -180*n - 414. Let v(x) = g(x) - 15*h(x). Give v(-11).
6
Let u(b) = -b**2 - 14*b - 12. Let y be 2*((-7)/14)/(1/13). Let t be u(y). Let q(g) = t + g**2 + 9 - 17 + 10 + 6*g. Determine q(-6).
3
Let r(c) be the first derivative of 9*c**2/2 - 9*c - 21. Give r(5).
36
Let v(l) = 28*l**3 - 88*l**2 - 15*l + 31. Let q(d) = -13*d**3 + 41*d**2 + 7*d - 15. Let z(t) = -13*q(t) - 6*v(t). Calculate z(-2).
-17
Let d(y) = -33*y + 267. Let q be d(8). Let k(j) = -3*j**2 + 2*j - 5. Calculate k(q).
-26
Suppose o = -4*o - 4*x - 44, 5*x = 5*o + 35. Let d be 95*o/(-100)*5. Let w(b) = -b + 0*b + 10*b**2 - d + 37. Determine w(-1).
10
Suppose -125 - 286 = -3*l. Let f = l - 137. Let p(u) be the second derivative of -u**5/20 + u**4/12 + 2*u**2 - u. Calculate p(f).
4